{"id":67,"date":"2023-08-02T13:46:59","date_gmt":"2023-08-02T16:46:59","guid":{"rendered":"https:\/\/www.villasdolago.com.br\/?page_id=67"},"modified":"2026-01-28T19:22:45","modified_gmt":"2026-01-28T22:22:45","slug":"download","status":"publish","type":"page","link":"https:\/\/www.villasdolago.com.br\/?page_id=67","title":{"rendered":"Downloads"},"content":{"rendered":"\n<pre class=\"wp-block-preformatted\"><strong>Abaixo arquivos \u00fateis que disponibilizamos para melhor experi\u00eancia dos cond\u00f4minos do Villas do Lago. S\u00f3 clicar e baixar.<\/strong><\/pre>\n\n\n\n\n    <script>\n        jQuery(function($){\n\n            var __dt = $('#wpdmmydls-a3f6783b3c585de987d99ebee6475ba4').dataTable({\n                \"dom\": '<\"wpdmdt-toolbar\"lfrB>t<\"wpdmdt-toolbarb\"ip>',\n                responsive: true,\n                \"order\": [[ 0, \"asc\" ]],\n                \"language\": {\n                    \"lengthMenu\": \" Exibir _MENU_ downloads por p\u00e1gina\",\n                    \"zeroRecords\": \" Nada _START_ para - desculpe\",\n                    \"info\": \" Mostrando _START_ to _END_ of _TOTAL_ downloads\",\n                    \"infoEmpty\": \" N\u00e3o h\u00e1 downloads dispon\u00edveis\",\n                    \"infoFiltered\": \" (filtrado do total de downloads de _MAX_)\",\n                    \"emptyTable\":     \" Sem dados dispon\u00edveis na tabela\",\n                    \"infoPostFix\":    \"\",\n                    \"thousands\":      \",\",\n                    \"loadingRecords\": \"Carregando...\",\n                    \"processing\":     \" Em Processamento...\",\n                    \"search\":         \"Buscar:\",\n                    \"paginate\": {\n                        \"first\":      \"Primeiro\",\n                        \"last\":       \"\u00daltimo\",\n                        \"next\":       \"Pr\u00f3ximo\",\n                        \"previous\":   \"Anterior\"\n                    },\n                    \"aria\": {\n                        \"sortAscending\":  \" :  ative para classificar coluna ascendente\",\n                        \"sortDescending\": \": ative para classificar coluna descendente\"\n                    }\n                },\n                \"iDisplayLength\": 20,\n                \"aLengthMenu\": [[20, 10, 25, 50, -1], [20, 10, 25, 50, \"Tudo\"]]\n            });\n\n                        $(\"div.wpdmdt-toolbar .dataTables_filter\").append('<a href=\"https:\/\/www.villasdolago.com.br\/?page_id=67\" class=\"btn btn-secondary ml-3\" style=\"margin-top: -5px;border: 0;\">Reset Filter<\/a>');\n                    });\n    <\/script>\n<style>\n    .wpdmdt-toolbar {\n        padding: 10px;\n    }\n    .wpdmdt-toolbarb {\n        padding: 5px 10px 10px;\n    }\n    .wpdmdt-toolbar > div {\n        display: inline-block;\n    }\n    table,td,th{\n        border: 0;\n    }\n    #wpdm-all-packages .card{\n        overflow: hidden;\n    }\n    .dataTables_wrapper .table{\n        margin: 0;\n    }\n    #wpdmmydls-a3f6783b3c585de987d99ebee6475ba4{\n        border-bottom: 1px solid #dddddd;\n        border-top: 1px solid #dddddd;\n        font-size: 10pt;\n        min-width: 100%;\n    }\n    #wpdmmydls-a3f6783b3c585de987d99ebee6475ba4 .wpdm-download-link img{\n        box-shadow: none !important;\n        max-width: 100%;\n    }\n    .w3eden .pagination{\n        margin: 0 !important;\n    }\n    #wpdmmydls-a3f6783b3c585de987d99ebee6475ba4 td:not(:first-child){\n        vertical-align: middle !important;\n    }\n    #wpdmmydls-a3f6783b3c585de987d99ebee6475ba4 td.__dt_col_download_link .btn{\n        display: flex;\n        width: 100%;\n    }\n    #wpdmmydls-a3f6783b3c585de987d99ebee6475ba4 td.__dt_col_download_link,\n    #wpdmmydls-a3f6783b3c585de987d99ebee6475ba4 th#download_link{\n        max-width: 155px !important;\n        width: 155px;\n\n    }\n    #wpdmmydls-a3f6783b3c585de987d99ebee6475ba4 th{\n        background-color: rgba(0,0,0,0.04);\n        border-bottom: 1px solid rgba(0,0,0,0.025);\n    }\n    #wpdmmydls-a3f6783b3c585de987d99ebee6475ba4_length label,\n    #wpdmmydls-a3f6783b3c585de987d99ebee6475ba4_filter label{\n        font-weight: 400;\n    }\n    #wpdmmydls-a3f6783b3c585de987d99ebee6475ba4_filter input[type=search]{\n        display: inline-block;\n        width: 200px;\n    }\n    #wpdmmydls-a3f6783b3c585de987d99ebee6475ba4_length select{\n        display: inline-block;\n        width: 60px;\n    }\n\n    #wpdmmydls-a3f6783b3c585de987d99ebee6475ba4 .package-title{\n        color:#36597C;\n        font-size: 11pt;\n        font-weight: 700;\n    }\n    #wpdmmydls-a3f6783b3c585de987d99ebee6475ba4 .small-txt{\n        margin-right: 7px;\n    }\n    #wpdmmydls-a3f6783b3c585de987d99ebee6475ba4 td{\n        min-width: 150px;\n    }\n\n    #wpdmmydls-a3f6783b3c585de987d99ebee6475ba4 td.__dt_col_categories{\n        max-width: 300px;\n    }\n\n    #wpdmmydls-a3f6783b3c585de987d99ebee6475ba4 .small-txt,\n    #wpdmmydls-a3f6783b3c585de987d99ebee6475ba4 small{\n        font-size: 9pt;\n    }\n    .w3eden .table-striped tbody tr:nth-of-type(2n+1) {\n        background-color: rgba(0,0,0,0.015);\n    }\n    .dataTables_wrapper .dataTables_paginate .paginate_button:active,\n    .dataTables_wrapper .dataTables_paginate .paginate_button:focus,\n    .dataTables_wrapper .dataTables_paginate .paginate_button:hover,\n    .dataTables_wrapper .dataTables_paginate .paginate_button{\n        margin: 0 !important;\n        padding: 0 !important;\n        border: 0 !important;\n        background: transparent !important;\n    }\n\n\n    @media (max-width: 799px) {\n        #wpdmmydls-a3f6783b3c585de987d99ebee6475ba4 tr {\n            display: block;\n            border: 3px solid rgba(0,0,0,0.3) !important;\n            margin-bottom: 10px !important;\n            position: relative;\n        }\n        #wpdmmydls-a3f6783b3c585de987d99ebee6475ba4 thead{\n            display: none;\n        }\n        #wpdmmydls-a3f6783b3c585de987d99ebee6475ba4,\n        #wpdmmydls-a3f6783b3c585de987d99ebee6475ba4 td:first-child {\n            border: 0 !important;\n        }\n        #wpdmmydls-a3f6783b3c585de987d99ebee6475ba4 td {\n            display: block;\n        }\n        #wpdmmydls-a3f6783b3c585de987d99ebee6475ba4 td.__dt_col_download_link {\n            display: block;\n            max-width: 100% !important;\n            width: auto !important;\n\n        }\n    }\n\n\n<\/style>\n<div class=\"w3eden\">\n    <div id=\"wpdm-all-packages\">\n        <table id=\"wpdmmydls-a3f6783b3c585de987d99ebee6475ba4\" class=\"table table-striped wpdm-all-packages-table\">\n            <thead>\n            <tr>\n                                <th style=\"\"  id=\"title\" class=\"\">T\u00edtulo<\/th>\n                \n            <\/tr>\n            <\/thead>\n            <tbody>\n            \n                    <tr class=\"__dt_row\">\n                                                <td  class=\"__dt_col_0 __dt_col __dt_col_title\" style=\"background-image: url('https:\/\/www.villasdolago.com.br\/wp-content\/plugins\/download-manager\/assets\/file-type-icons\/pdf.svg');background-size: 36px;background-position: 5px 8px;background-repeat:  no-repeat;padding-left: 52px;line-height: normal;\">\n                            <strong>Guia C\u00e2meras<\/strong><br\/><span class='__dt_description small-txt'><p>Guia ilustrado para configura\u00e7\u00e3o do aplicativo Isic Lite que possibilita o acesso as c\u00e2meas do Villas do Lago.<\/p>\n<\/span><a class='wpdm-download-link download-on-click btn btn-primary btn-xs' rel='nofollow' href='#' data-downloadurl=\"https:\/\/www.villasdolago.com.br\/?wpdmpro=guia-cameras&wpdmdl=77&refresh=69d4c2866b84e1775551110\">Download<\/a><div class=\"hidden-md hidden-lg td-mobile\"><\/div>\n\n                        <\/td>\n                        \n                    <\/tr>\n                \n                    <tr class=\"__dt_row\">\n                                                <td  class=\"__dt_col_0 __dt_col __dt_col_title\" style=\"background-image: url('https:\/\/www.villasdolago.com.br\/wp-content\/plugins\/download-manager\/assets\/file-type-icons\/pdf.svg');background-size: 36px;background-position: 5px 8px;background-repeat:  no-repeat;padding-left: 52px;line-height: normal;\">\n                            <strong>Guia WIFI<\/strong><br\/><span class='__dt_description small-txt'><p>Guia ilustrado para configura\u00e7\u00e3o do WIFI instalado na \u00e1rea de embarque\/desbarque de embarca\u00e7\u00f5es da orla do Villas do Lago.<\/p>\n<\/span><a class='wpdm-download-link download-on-click btn btn-primary btn-xs' rel='nofollow' href='#' data-downloadurl=\"https:\/\/www.villasdolago.com.br\/?wpdmpro=guia-wifi&wpdmdl=76&refresh=69d4c28670ce21775551110\">Download<\/a><div class=\"hidden-md hidden-lg td-mobile\"><\/div>\n\n                        <\/td>\n                        \n                    <\/tr>\n                \n                    <tr class=\"__dt_row\">\n                                                <td  class=\"__dt_col_0 __dt_col __dt_col_title\" style=\"background-image: url('https:\/\/www.villasdolago.com.br\/wp-content\/plugins\/download-manager\/assets\/file-type-icons\/pdf.svg');background-size: 36px;background-position: 5px 8px;background-repeat:  no-repeat;padding-left: 52px;line-height: normal;\">\n                            <strong>Mapa interno<\/strong><br\/><span class='__dt_description small-txt'><p>Mapa interno das quadra e lotes do Villas do Lago.<\/p>\n<\/span><a class='wpdm-download-link download-on-click btn btn-primary btn-xs' rel='nofollow' href='#' data-downloadurl=\"https:\/\/www.villasdolago.com.br\/?wpdmpro=mapa-interno&wpdmdl=75&refresh=69d4c28674ee81775551110\">Download<\/a><div class=\"hidden-md hidden-lg td-mobile\"><\/div>\n\n                        <\/td>\n                        \n                    <\/tr>\n                                        <\/tbody>\n        <\/table>\n\n        <div class='text-center'><ul class='pagination wpdm-pagination pagination-centered text-center'><\/ul><\/div>\n    <\/div>\n<\/div>\n\n\n\n\n<p><\/p>\n","protected":false},"excerpt":{"rendered":"<p>Abaixo arquivos \u00fateis que disponibilizamos para melhor experi\u00eancia dos cond\u00f4minos do Villas do Lago. S\u00f3 clicar e baixar.<\/p>\n","protected":false},"author":2,"featured_media":0,"parent":0,"menu_order":0,"comment_status":"closed","ping_status":"closed","template":"","meta":{"ngg_post_thumbnail":0,"footnotes":""},"class_list":["post-67","page","type-page","status-publish","hentry"],"_links":{"self":[{"href":"https:\/\/www.villasdolago.com.br\/index.php?rest_route=\/wp\/v2\/pages\/67","targetHints":{"allow":["GET"]}}],"collection":[{"href":"https:\/\/www.villasdolago.com.br\/index.php?rest_route=\/wp\/v2\/pages"}],"about":[{"href":"https:\/\/www.villasdolago.com.br\/index.php?rest_route=\/wp\/v2\/types\/page"}],"author":[{"embeddable":true,"href":"https:\/\/www.villasdolago.com.br\/index.php?rest_route=\/wp\/v2\/users\/2"}],"replies":[{"embeddable":true,"href":"https:\/\/www.villasdolago.com.br\/index.php?rest_route=%2Fwp%2Fv2%2Fcomments&post=67"}],"version-history":[{"count":17,"href":"https:\/\/www.villasdolago.com.br\/index.php?rest_route=\/wp\/v2\/pages\/67\/revisions"}],"predecessor-version":[{"id":163,"href":"https:\/\/www.villasdolago.com.br\/index.php?rest_route=\/wp\/v2\/pages\/67\/revisions\/163"}],"wp:attachment":[{"href":"https:\/\/www.villasdolago.com.br\/index.php?rest_route=%2Fwp%2Fv2%2Fmedia&parent=67"}],"curies":[{"name":"wp","href":"https:\/\/api.w.org\/{rel}","templated":true}]}}